
13
Suppose -9 = -3*r, 4*r - 3642 = -4*h - 1318. What is the highest common divisor of h and 34?
34
Suppose 0 = 11*a - 5*a - 720. Calculate the greatest common divisor of a and 48.
24
Suppose -4*u - 8 = 0, 3*k = 2*k - 2*u + 77. Let i = 162 - k. What is the highest common factor of i and 9?
9
Let x(o) = o + 1. Let b(u) = -4*u - 2. Let h(i) = -b(i) - 3*x(i). Let r be h(7). Calculate the greatest common divisor of r and 6.
6
Let u(n) = 45*n - 15. Let k be u(1). Calculate the highest common divisor of 24 and k.
6
Let j = -118 - -148. What is the greatest common factor of 30 and j?
30
Let l = 1484 + -396. Calculate the highest common divisor of l and 102.
34
Let u(d) = 18*d - 11. Let x be u(1). Let g = -1 + 3. Suppose 1 = -g*i + x. Calculate the highest common factor of i and 27.
3
Let m = 338 - 330. What is the greatest common divisor of 14 and m?
2
Let t(v) = -v + 7. Let u be t(5). Suppose u*l + q + 3*q - 50 = 0, l - 2*q - 45 = 0. Calculate the highest common divisor of 7 and l.
7
Suppose -u - 2*u - 330 = 0. Let g = -99 - u. Calculate the greatest common divisor of g and 99.
11
Suppose 199 = 2*w - 2*v - 3*v, 0 = -2*w + 4*v + 200. Calculate the greatest common divisor of w and 1.
1
Let y be (42 + -9)*(-1)/(-1). What is the greatest common divisor of y and 33?
33
Let m be (-196)/(-9) - (-4 - (-68)/18). Suppose 0 = -p + 5*p + 428. Let x = -52 - p. What is the greatest common factor of m and x?
11
Let p be 20/3 + ((-738)/(-27) - 26). Let u = -9 - -81. Calculate the highest common divisor of u and p.
8
Let y be (0 + -34)/((-2)/15*3). Calculate the highest common divisor of y and 2720.
85
Let g(f) = -3*f**2 - 192*f - 153. Let m be g(-61). Calculate the greatest common divisor of m and 33.
33
Let k = -45 - -46. Let x be (k - 5)*(-13 - -2). What is the highest common factor of x and 4?
4
Let r = -564 - -596. Calculate the highest common divisor of 56 and r.
8
Let u(b) = b**2 - 2*b + 403. Let y be u(0). What is the highest common factor of y and 13?
13
Suppose -2028 + 2688 = 15*m. Calculate the highest common factor of 143 and m.
11
Let u(k) = k**3 - 8*k**2 + 12*k + 12. Let m be u(6). What is the highest common divisor of 12 and m?
12
Suppose -4*y = 3*j - 59 - 115, -5*y + 204 = -3*j. What is the greatest common factor of y and 18?
6
Suppose 12 = -4*c - 4*b, c - 15 = -2*c + 3*b. Let q = 52 + -16. Let m = q - 28. What is the highest common divisor of c and m?
1
Suppose -6*t + t + 5*i = -5, i - 19 = -3*t. Let b be t - (-1 - (-5 + 0)). Calculate the highest common factor of b and 2.
1
Let f = 45 + -40. Suppose -f*v + 0*v = -3*q + 515, -4*v = 2*q - 314. Let i = -30 + 45. What is the highest common divisor of q and i?
15
Let c(y) be the first derivative of -y**4/4 + 4*y**3/3 + 2*y**2 - 4*y + 1. Let p be c(4). What is the highest common factor of p and 84?
12
Suppose a + i - 68 = 0, 3*a - 2*i - 155 = 59. Calculate the greatest common factor of a and 28.
14
Let z be ((-30)/(-65))/3 + 48/26. What is the greatest common divisor of 62 and z?
2
Let o = -50 - -118. Let l be (-15)/(-10)*(29 + 20/4). What is the highest common factor of l and o?
17
Let f = -53 + 51. Let b be -1 - f/6 - 250/(-15). Calculate the highest common factor of 176 and b.
16
Let f = -16 + 21. Let z = f + 3. Let d(h) = 19*h**2 - h - 2. Let q be d(2). Calculate the greatest common divisor of z and q.
8
Let s(w) = -30*w - 200. Let c be s(-7). Calculate the highest common divisor of c and 50.
10
Let b be 1000/(-14)*(-56)/16. What is the highest common divisor of b and 200?
50
Suppose 5*x = -j + 14699, 0 = 14*x - 16*x - 5*j + 5875. What is the greatest common divisor of x and 30?
30
Let n = 62 - 41. Suppose p = 4*p + n. Let b = -1 - p. Calculate the greatest common factor of 42 and b.
6
Let l(r) = r**2 + 39*r + 606. Let k be l(-41). Calculate the highest common divisor of 16 and k.
16
Let c = -238 + 370. Suppose 6*j + 36 = 2*j. Let o be 8/((-15)/j + -1). Calculate the highest common divisor of c and o.
12
Let j be (-7)/49 + (-5240)/(-28). Let d = -18 - -29. What is the highest common divisor of d and j?
11
Let h = 688 + -113. Calculate the highest common divisor of 25 and h.
25
Let p = -5 + 10. Let q(d) = d**3 - 4*d**2 - 2*d - 2. Let g be q(p). Let a = -47 - -73. Calculate the highest common divisor of g and a.
13
Let n = 546 + -476. Calculate the highest common factor of n and 770.
70
Suppose 0 = 4*p + 4*g - 8 - 4540, 0 = 5*p + g - 5681. Calculate the greatest common divisor of p and 71.
71
Suppose 4*o - 483 = 5*w, -2*o = -4*o + w + 237. What is the highest common factor of o and 156?
39
Let u = 54 + -34. Let w be (17 - u/(-5)) + 3. Calculate the greatest common divisor of 6 and w.
6
Suppose 0*h + 2*q = -4*h + 36, -3*q = -3*h + 45. Suppose 0 = -4*s - 99 + h. Let j = 37 + s. What is the highest common divisor of 60 and j?
15
Suppose -2*c = v - 36, -4*v + 48 + 102 = 5*c. Suppose -712 - 2088 = -28*d. What is the greatest common divisor of v and d?
20
Suppose 103*a - 88*a - 225 = 0. Calculate the highest common factor of 40 and a.
5
Suppose -8*z = -14*z + 162. Suppose 0*g + g - 18 = 0. What is the greatest common divisor of z and g?
9
Let g(r) = 6*r**2 + 5*r + 5. Let y be g(-2). Suppose -3*u + 73 = 4*b, -b - 61 = -3*u - 2*b. Let f be (u*2)/(4/2). What is the highest common factor of f and y?
19
Suppose -4*o = 3*v - 117 - 244, 475 = 4*v - o. Suppose 0 = -16*m + 22*m - 36. Suppose -m*k + 125 = 23. Calculate the greatest common divisor of k and v.
17
Suppose -5*u - 3*i = -648, u + 5*i = i + 133. What is the greatest common factor of 215 and u?
43
Let m = -12 - -20. Suppose n = 3*n - m. Suppose l = 2*l - 2*c - 88, n*l - 4*c - 336 = 0. What is the highest common factor of 20 and l?
20
Suppose 38*z - 4173 = 20109. What is the greatest common divisor of 9 and z?
9
Let t = 110 - 108. Suppose -t*n + 12*n = 150. What is the highest common factor of n and 25?
5
Let k = 350 - 323. Let d(t) = t**3 + t**2 + t + 297. Let y be d(0). Calculate the greatest common factor of k and y.
27
Let g(x) = x - 12. Let p be g(12). Suppose 0 = -p*b - b + 6. Calculate the highest common divisor of 2 and b.
2
Let i be 222/5 - (-4)/(-10). Suppose 4*n - 36 = i. Let q(m) = m**2 - 8*m + 30. Let d be q(8). Calculate the highest common factor of n and d.
10
Let g(t) = t**3 - t**2 - 2*t + 6. Let m be g(0). Let v be (-20)/(-7)*(-1 + (-27)/(-6)). Calculate the greatest common factor of m and v.
2
Suppose 2*f - 6 = 36. Suppose 14*i - 252 = -4*i. Calculate the highest common divisor of f and i.
7
Let v be 4/3*(6 + 0). Suppose 65 = -3*f + v*f. Calculate the highest common divisor of 117 and f.
13
Let x(z) = z**3 + 24*z**2 + 45*z - 6. Let a be x(-15). Calculate the highest common divisor of 21 and a.
21
Let o(t) = t**2 + 13 - 2*t**2 - 11*t + 0*t**2 - 4*t. Let j be o(-14). Let q = j + 9. Calculate the highest common divisor of q and 90.
18
Suppose -4*w + 5*w = -260. Let r be (-1 - (-2)/4) + w/(-40). Suppose -76 = k - 5*k - t, -3*k + 66 = 3*t. Calculate the greatest common factor of r and k.
6
Let x be (4235/(-14))/(-11) + 3/6. What is the greatest common divisor of x and 8?
4
Suppose -a = -5*a. Let u be 19 - (2 - (1 + a)). Let s = -229 - -247. Calculate the highest common divisor of s and u.
18
Let a(p) = -130*p - 176. Let c be a(-4). Calculate the highest common divisor of 8 and c.
8
Suppose 3*u - 2*u + c - 8 = 0, -5*u + 43 = 4*c. Calculate the highest common divisor of 77 and u.
11
Let c be 5 - (110/10 + -28). Let r = -239 + 415. Calculate the highest common divisor of c and r.
22
Let s = 307 + -267. Calculate the greatest common divisor of 70 and s.
10
Let c(j) = -2*j**3 - 3*j**2 + 2*j + 5. Let y be c(-2). Suppose 0 = y*r - 2*n - 180 - 113, -r + n = -61. Calculate the highest common divisor of 38 and r.
19
Let p be 80/14 - (-2)/7. Let j be 6 - (-1)/(4/(-12)). Suppose -j*k + 72 = k. Calculate the greatest common divisor of k and p.
6
Let s = -14 - -2. Let b be (s/7)/(2/(-21)). Let t = b - 2. Calculate the greatest common divisor of t and 2.
2
Let k(q) be the second derivative of q**3/2 - 3*q**2/2 - 4*q + 5. Let p be k(5). Calculate the greatest common divisor of p and 6.
6
Let i(c) = 39*c - 79. Let j be i(3). What is the highest common divisor of 361 and j?
19
Let r(k) = k**3 + 15*k**2 - 29*k - 31. Let p be r(-13). What is the highest common 